{"id":1356,"date":"2022-12-28T22:14:34","date_gmt":"2022-12-28T22:14:34","guid":{"rendered":"https:\/\/www.apti.cz\/?page_id=1356"},"modified":"2026-03-30T17:29:40","modified_gmt":"2026-03-30T17:29:40","slug":"ucebni-texty-pro-pripravu-ke-zkouskam-u-ticr","status":"publish","type":"page","link":"https:\/\/www.apti.cz\/index.php\/about\/publikace-apti\/ucebni-texty-pro-pripravu-ke-zkouskam-u-ticr\/","title":{"rendered":"U\u010debn\u00ed texty pro p\u0159\u00edpravu ke zkou\u0161k\u00e1m u TI\u010cR"},"content":{"rendered":"\n<figure class=\"wp-block-image\"><img decoding=\"async\" src=\"https:\/\/www.technicka-zarizeni.cz\/wp-content\/uploads\/2022\/12\/840x480_materialy_TZ-840x480.png\" alt=\"\" class=\"wp-image-19647\"\/><\/figure>\n\n\n\n<p>V souvislosti s \u00fa\u010dinnost\u00ed z\u00e1kona 250\/2021 Sb. do\u0161lo tak\u00e9 k v\u00fdznamn\u00fdm zm\u011bn\u00e1m v oblasti prov\u011b\u0159ov\u00e1n\u00ed odborn\u00e9 zp\u016fsobilosti k v\u00fdkonu \u010dinnost\u00ed na vyhrazen\u00fdch technick\u00fdch za\u0159\u00edzen\u00edch. Krom\u011b jin\u00e9ho se tak\u00e9 zm\u011bnil zp\u016fsob skl\u00e1d\u00e1n\u00ed zkou\u0161ky odborn\u00e9 zp\u016fsobilosti a tak\u00e9 testov\u00e9 ot\u00e1zky. APTI z.s. v r\u00e1mci odborn\u00e9 p\u0159\u00edpravy na tyto zkou\u0161ky vyd\u00e1v\u00e1 soubor p\u0159\u00edpravn\u00fdch materi\u00e1l\u016f, kter\u00e9 obsahuj\u00ed spr\u00e1vn\u00e9 odpov\u011bdi, v\u010detn\u011b zd\u016fvodn\u011bn\u00ed.<\/p>\n\n\n\n<p>N\u00ed\u017ee uveden\u00e9 u\u010debn\u00ed materi\u00e1ly jsou k dispozici ke koupi samostatn\u011b, nebo v r\u00e1mci&nbsp;<a href=\"https:\/\/www.technicka-zarizeni.cz\/pripravne-kurzy-apti\/\">p\u0159\u00edpravn\u00fdch kurz\u016f programu AKADEMIE APTI.<\/a><\/p>\n\n\n\n<h2 class=\"wp-block-heading\"><strong>Revizn\u00ed technik tlakov\u00fdch n\u00e1dob stabiln\u00edch<\/strong><\/h2>\n\n\n\n<figure class=\"wp-block-image size-full\"><a href=\"https:\/\/www.apti.cz\/index.php\/produkt\/soubor-otazek-pro-obecny-test-tz-ob\/\"><img loading=\"lazy\" decoding=\"async\" width=\"184\" height=\"250\" src=\"http:\/\/www.apti.cz\/wp-content\/uploads\/2022\/12\/APTI_UT_RT_TNS_26_OB_ico.png\" alt=\"\" class=\"wp-image-2681\"\/><\/a><\/figure>\n\n\n\n<p><strong><a href=\"https:\/\/www.apti.cz\/index.php\/produkt\/soubor-otazek-pro-obecny-test-tz-ob\/\">Soubor ot\u00e1zek pro obecn\u00fd test TZ OB<\/a><\/strong><br>Soubor celkem 40 ot\u00e1zek obecn\u00e9ho testu<br>elektronick\u00e1 publikace ve form\u00e1tu PDF<br>Cena: 500 K\u010d (sleva pro dr\u017eitele APTICARD 10 %)<\/p>\n\n\n\n<figure class=\"wp-block-image size-full\"><a href=\"https:\/\/www.apti.cz\/index.php\/produkt\/soubor-otazek-pro-obecny-test-tz-r-ni-nii\/\"><img loading=\"lazy\" decoding=\"async\" width=\"184\" height=\"250\" src=\"http:\/\/www.apti.cz\/wp-content\/uploads\/2026\/03\/APTI_UT_RT_TNS_26_NI-NII_ico.png\" alt=\"\" class=\"wp-image-2727\"\/><\/a><\/figure>\n\n\n\n<p><strong>Soubor ot\u00e1zek pro test TZ R NI a NII<\/strong> <br>Pro revizn\u00ed techniky prov\u00e1d\u011bj\u00edc\u00ed revize a zkou\u0161ky provozovan\u00fdch tlakov\u00fdch n\u00e1dob stabiln\u00edch I. t\u0159\u00eddy a II. t\u0159\u00eddy<br>elektronick\u00e1 publikace ve form\u00e1tu PDF<br>Cena: 1000 K\u010d (sleva pro dr\u017eitele APTICARD 10 %)<\/p>\n\n\n\n<h2 class=\"wp-block-heading\"><strong>Revizn\u00ed technik\/mont\u00e1\u017en\u00ed pracovn\u00edk plynov\u00fdch za\u0159\u00edzen\u00ed<\/strong><\/h2>\n\n\n\n<figure class=\"wp-block-image size-full\"><a href=\"https:\/\/www.apti.cz\/index.php\/produkt\/soubor-otazek-pro-obecny-test-pz-ob\/\"><img loading=\"lazy\" decoding=\"async\" width=\"184\" height=\"250\" src=\"http:\/\/www.apti.cz\/wp-content\/uploads\/2022\/12\/APTI_UCebni-texty_UT_PZ_OB_ICO_24.png\" alt=\"\" class=\"wp-image-1887\"\/><\/a><\/figure>\n\n\n\n<p><strong><a href=\"https:\/\/www.apti.cz\/index.php\/produkt\/soubor-otazek-pro-obecny-test-pz-ob\/\">Soubor ot\u00e1zek pro obecn\u00fd test PZ OB<\/a><\/strong><br>Soubor celkem ot\u00e1zek obecn\u00e9ho testu pro revizn\u00ed techniky a mont\u00e1\u017en\u00ed pracovn\u00edky<br>elektronick\u00e1 publikace ve form\u00e1tu PDF<br>Cena: 500 K\u010d (sleva pro dr\u017eitele APTICARD 10 %)<\/p>\n\n\n\n<figure class=\"wp-block-image size-full\"><a href=\"https:\/\/www.apti.cz\/index.php\/produkt\/soubor-otazek-pro-obecny-test-pz-a1\/\"><img loading=\"lazy\" decoding=\"async\" width=\"184\" height=\"250\" src=\"http:\/\/www.apti.cz\/wp-content\/uploads\/2024\/03\/APTI_UCebni-texty_UT_PZ_A1_ICO_24.png\" alt=\"\" class=\"wp-image-1892\"\/><\/a><\/figure>\n\n\n\n<p><strong><a href=\"https:\/\/www.apti.cz\/index.php\/produkt\/soubor-otazek-pro-obecny-test-pz-a1\/\">Soubor ot\u00e1zek pro test PZ A1<\/a><\/strong><br>Soubor celkem ot\u00e1zek obecn\u00e9ho testu pro revizn\u00ed techniky a mont\u00e1\u017en\u00ed pracovn\u00edky<br>elektronick\u00e1 publikace ve form\u00e1tu PDF<br>Cena: 500 K\u010d (sleva pro dr\u017eitele APTICARD 10 %)<\/p>\n\n\n\n<figure class=\"wp-block-image size-full\"><a href=\"https:\/\/www.apti.cz\/index.php\/produkt\/soubor-otazek-pro-obecny-test-pz-a2\/\"><img loading=\"lazy\" decoding=\"async\" width=\"184\" height=\"250\" src=\"http:\/\/www.apti.cz\/wp-content\/uploads\/2024\/03\/APTI_UCebni-texty_UT_PZ_A2_ICO_24.png\" alt=\"\" class=\"wp-image-1893\"\/><\/a><\/figure>\n\n\n\n<p><strong><a href=\"https:\/\/www.apti.cz\/index.php\/produkt\/soubor-otazek-pro-obecny-test-pz-a2\/\">Soubor ot\u00e1zek pro test PZ A2<\/a><\/strong><br>Soubor celkem ot\u00e1zek obecn\u00e9ho testu pro revizn\u00ed techniky a mont\u00e1\u017en\u00ed pracovn\u00edky<br>elektronick\u00e1 publikace ve form\u00e1tu PDF<br>Cena: 500 K\u010d (sleva pro dr\u017eitele APTICARD 10 %)<\/p>\n\n\n\n<figure class=\"wp-block-image size-full\"><a href=\"https:\/\/www.apti.cz\/index.php\/produkt\/soubor-otazek-pro-obecny-test-pz-m-b\/\"><img loading=\"lazy\" decoding=\"async\" width=\"184\" height=\"250\" src=\"http:\/\/www.apti.cz\/wp-content\/uploads\/2024\/03\/APTI_UCebni-texty_UT_PZ_MB_ICO_24.png\" alt=\"\" class=\"wp-image-1897\"\/><\/a><\/figure>\n\n\n\n<p><strong><a href=\"https:\/\/www.apti.cz\/index.php\/produkt\/soubor-otazek-pro-obecny-test-pz-m-b\/\">Soubor ot\u00e1zek pro test PZ M B<\/a><\/strong><br>Soubor celkem ot\u00e1zek obecn\u00e9ho testu pro revizn\u00ed techniky a mont\u00e1\u017en\u00ed pracovn\u00edky<br>elektronick\u00e1 publikace ve form\u00e1tu PDF<br>Cena: 400 K\u010d (sleva pro dr\u017eitele APTICARD 10 %)<\/p>\n\n\n\n<figure class=\"wp-block-image size-full\"><a href=\"https:\/\/www.apti.cz\/index.php\/produkt\/soubor-otazek-pro-obecny-test-pz-e1\/\"><img loading=\"lazy\" decoding=\"async\" width=\"184\" height=\"250\" src=\"http:\/\/www.apti.cz\/wp-content\/uploads\/2024\/03\/APTI_UCebni-texty_UT_PZ_E1_ICO_24.png\" alt=\"\" class=\"wp-image-1901\"\/><\/a><\/figure>\n\n\n\n<p><strong><a href=\"https:\/\/www.apti.cz\/index.php\/produkt\/soubor-otazek-pro-obecny-test-pz-e1\/\">Soubor ot\u00e1zek pro test PZ E1<\/a><\/strong><br>Soubor celkem ot\u00e1zek obecn\u00e9ho testu pro revizn\u00ed techniky a mont\u00e1\u017en\u00ed pracovn\u00edky<br>elektronick\u00e1 publikace ve form\u00e1tu PDF<br>Cena: 500 K\u010d (sleva pro dr\u017eitele APTICARD 10 %)<\/p>\n\n\n\n<figure class=\"wp-block-image size-full\"><a href=\"https:\/\/www.apti.cz\/index.php\/produkt\/soubor-otazek-pro-obecny-test-pz-e2-2\/\"><img loading=\"lazy\" decoding=\"async\" width=\"184\" height=\"250\" src=\"http:\/\/www.apti.cz\/wp-content\/uploads\/2024\/03\/APTI_UCebni-texty_UT_PZ_E2_ICO_24.png\" alt=\"\" class=\"wp-image-1906\"\/><\/a><\/figure>\n\n\n\n<p><strong><a href=\"https:\/\/www.apti.cz\/index.php\/produkt\/soubor-otazek-pro-obecny-test-pz-e2-2\/\">Soubor ot\u00e1zek pro test PZ E2<\/a><\/strong><br>Soubor celkem ot\u00e1zek obecn\u00e9ho testu pro revizn\u00ed techniky a mont\u00e1\u017en\u00ed pracovn\u00edky<br>elektronick\u00e1 publikace ve form\u00e1tu PDF<br>Cena: 500 K\u010d (sleva pro dr\u017eitele APTICARD 10 %)<\/p>\n\n\n\n<figure class=\"wp-block-image size-full\"><a href=\"https:\/\/www.apti.cz\/index.php\/produkt\/soubor-otazek-pro-test-pz-f1\/\"><img loading=\"lazy\" decoding=\"async\" width=\"184\" height=\"250\" src=\"http:\/\/www.apti.cz\/wp-content\/uploads\/2022\/12\/APTI_UCebni-texty_UT_PZ_F1_ICO_24.png\" alt=\"\" class=\"wp-image-1907\"\/><\/a><\/figure>\n\n\n\n<p><strong><a href=\"https:\/\/www.apti.cz\/index.php\/produkt\/soubor-otazek-pro-test-pz-f1\/\">Soubor ot\u00e1zek pro test PZ F1 \u2013 Plynovody v budov\u00e1ch na plynn\u00e1 paliva, krom\u011b propanu, butanu a jejich sm\u011bs\u00ed<\/a><\/strong><br>Soubor celkem ot\u00e1zek obecn\u00e9ho testu pro revizn\u00ed techniky a mont\u00e1\u017en\u00ed pracovn\u00edky<br>elektronick\u00e1 publikace ve form\u00e1tu PDF<br>Cena: 500 K\u010d (sleva pro dr\u017eitele APTICARD 10 %)<\/p>\n\n\n\n<figure class=\"wp-block-image size-full\"><a href=\"https:\/\/www.apti.cz\/index.php\/produkt\/soubor-otazek-pro-test-pz-f2\/\"><img loading=\"lazy\" decoding=\"async\" width=\"184\" height=\"250\" src=\"http:\/\/www.apti.cz\/wp-content\/uploads\/2022\/12\/APTI_UCebni-texty_UT_PZ_F2_ICO_24.png\" alt=\"\" class=\"wp-image-1910\"\/><\/a><\/figure>\n\n\n\n<p><strong><a href=\"https:\/\/www.apti.cz\/index.php\/produkt\/soubor-otazek-pro-test-pz-f2\/\">Soubor ot\u00e1zek pro test PZ F2 \u2013 Pr\u016fmyslov\u00e9 plynovody na plynn\u00e1 paliva krom\u011b P, B a jejich sm\u011bs\u00ed<\/a><\/strong><br>Soubor celkem ot\u00e1zek obecn\u00e9ho testu pro revizn\u00ed techniky a mont\u00e1\u017en\u00ed pracovn\u00edky<br>elektronick\u00e1 publikace ve form\u00e1tu PDF<br>Cena: 500 K\u010d (sleva pro dr\u017eitele APTICARD 10 %)<\/p>\n\n\n\n<figure class=\"wp-block-image size-full\"><a href=\"https:\/\/www.apti.cz\/index.php\/produkt\/soubor-otazek-pro-obecny-test-pz-e2\/\"><img loading=\"lazy\" decoding=\"async\" width=\"184\" height=\"250\" src=\"http:\/\/www.apti.cz\/wp-content\/uploads\/2024\/03\/APTI_UCebni-texty_UT_PZ_F3_ICO_24.png\" alt=\"\" class=\"wp-image-1911\"\/><\/a><\/figure>\n\n\n\n<p><strong><a href=\"https:\/\/www.apti.cz\/index.php\/produkt\/soubor-otazek-pro-obecny-test-pz-e2\/\">Soubor ot\u00e1zek pro test PZ F3<\/a><\/strong><br>Soubor celkem ot\u00e1zek obecn\u00e9ho testu pro revizn\u00ed techniky a mont\u00e1\u017en\u00ed pracovn\u00edky<br>elektronick\u00e1 publikace ve form\u00e1tu PDF<br>Cena: 500 K\u010d (sleva pro dr\u017eitele APTICARD 10 %)<\/p>\n\n\n\n<figure class=\"wp-block-image size-full\"><a href=\"https:\/\/www.apti.cz\/index.php\/produkt\/soubor-otazek-pro-test-pz-f5\/\"><img loading=\"lazy\" decoding=\"async\" width=\"184\" height=\"250\" src=\"http:\/\/www.apti.cz\/wp-content\/uploads\/2022\/12\/APTI_UCebni-texty_UT_PZ_F5_ICO_24.png\" alt=\"\" class=\"wp-image-1915\"\/><\/a><\/figure>\n\n\n\n<p><strong><a href=\"https:\/\/www.apti.cz\/index.php\/produkt\/soubor-otazek-pro-test-pz-f5\/\">Soubor ot\u00e1zek pro test PZ F5 \u2013 NTL, STL a VTL plynovody na propan, butan a jejich sm\u011bsi<\/a><\/strong><br>Soubor celkem ot\u00e1zek obecn\u00e9ho testu pro revizn\u00ed techniky a mont\u00e1\u017en\u00ed pracovn\u00edky<br>elektronick\u00e1 publikace ve form\u00e1tu PDF<br>Cena: 500 K\u010d (sleva pro dr\u017eitele APTICARD 10 %)<\/p>\n\n\n\n<figure class=\"wp-block-image size-full\"><img loading=\"lazy\" decoding=\"async\" width=\"184\" height=\"250\" src=\"http:\/\/www.apti.cz\/wp-content\/uploads\/2022\/12\/APTI_UCebni-texty_UT_PZ_F6_ICO_24.png\" alt=\"\" class=\"wp-image-1918\"\/><\/figure>\n\n\n\n<p><strong><a href=\"https:\/\/www.apti.cz\/index.php\/produkt\/soubor-otazek-pro-test-pz-f6\/\">Soubor ot\u00e1zek pro test PZ F6 \u2013 Rozvody technick\u00fdch plyn\u016f<\/a><\/strong><br>Soubor celkem ot\u00e1zek obecn\u00e9ho testu pro revizn\u00ed techniky a mont\u00e1\u017en\u00ed pracovn\u00edky<br>elektronick\u00e1 publikace ve form\u00e1tu PDF<br>Cena: 500 K\u010d (sleva pro dr\u017eitele APTICARD 10 %)<\/p>\n\n\n\n<figure class=\"wp-block-image size-full\"><a href=\"https:\/\/www.apti.cz\/index.php\/produkt\/soubor-otazek-pro-test-pz-g1\/\"><img loading=\"lazy\" decoding=\"async\" width=\"184\" height=\"250\" src=\"http:\/\/www.apti.cz\/wp-content\/uploads\/2022\/12\/APTI_UCebni-texty_UT_PZ_G1_ICO_24.png\" alt=\"\" class=\"wp-image-1919\"\/><\/a><\/figure>\n\n\n\n<p><strong><a href=\"https:\/\/www.apti.cz\/index.php\/produkt\/soubor-otazek-pro-test-pz-g1\/\">Soubor ot\u00e1zek pro test PZ G1 \u2013 Spot\u0159ebi\u010de s v\u00fdkonem pod 50 kW na plynn\u00e1 paliva v\u010detn\u011b spot\u0159ebi\u010d\u016f na vyt\u00e1p\u011bn\u00ed nebytov\u00fdch prostor, mimo pec\u00ed a pr\u016fmyslov\u00fdch tepeln\u00fdch za\u0159\u00edzen\u00ed<\/a><\/strong><br>Soubor celkem ot\u00e1zek obecn\u00e9ho testu pro revizn\u00ed techniky a mont\u00e1\u017en\u00ed pracovn\u00edky<br>elektronick\u00e1 publikace ve form\u00e1tu PDF<br>Cena: 500 K\u010d (sleva pro dr\u017eitele APTICARD 10 %)<\/p>\n\n\n\n<figure class=\"wp-block-image size-full\"><a href=\"https:\/\/www.apti.cz\/index.php\/produkt\/soubor-otazek-pro-test-pz-g2\/\"><img loading=\"lazy\" decoding=\"async\" width=\"184\" height=\"250\" src=\"http:\/\/www.apti.cz\/wp-content\/uploads\/2022\/12\/APTI_UCebni-texty_UT_PZ_G2_ICO_24.png\" alt=\"\" class=\"wp-image-1920\"\/><\/a><\/figure>\n\n\n\n<p><strong><a href=\"https:\/\/www.apti.cz\/index.php\/produkt\/soubor-otazek-pro-test-pz-g2\/\">Soubor ot\u00e1zek pro test PZ G2 \u2013 Kotle s v\u00fdkonem 50 kW a v\u00edce na plynn\u00e1 paliva<\/a><\/strong><br>Soubor celkem ot\u00e1zek obecn\u00e9ho testu pro revizn\u00ed techniky a mont\u00e1\u017en\u00ed pracovn\u00edky<br>elektronick\u00e1 publikace ve form\u00e1tu PDF<br>Cena: 500 K\u010d (sleva pro dr\u017eitele APTICARD 10 %)<\/p>\n\n\n\n<figure class=\"wp-block-image size-full\"><a href=\"https:\/\/www.apti.cz\/index.php\/produkt\/soubor-otazek-pro-test-pz-m-h\/\"><img loading=\"lazy\" decoding=\"async\" width=\"184\" height=\"250\" src=\"http:\/\/www.apti.cz\/wp-content\/uploads\/2024\/03\/APTI_UCebni-texty_UT_PZ_OB_MH_24.png\" alt=\"\" class=\"wp-image-1923\"\/><\/a><\/figure>\n\n\n\n<p><strong><a href=\"https:\/\/www.apti.cz\/index.php\/produkt\/soubor-otazek-pro-test-pz-m-h\/\">Soubor ot\u00e1zek pro test PZ M H<\/a><\/strong><br>Soubor celkem ot\u00e1zek obecn\u00e9ho testu pro revizn\u00ed techniky a mont\u00e1\u017en\u00ed pracovn\u00edky<br>elektronick\u00e1 publikace ve form\u00e1tu PDF<br>Cena: 300 K\u010d (sleva pro dr\u017eitele APTICARD 10 %)<\/p>\n\n\n\n<h2 class=\"wp-block-heading\"><strong>Revizn\u00ed technik zdvihac\u00edch za\u0159\u00edzen\u00ed<\/strong><\/h2>\n\n\n\n<figure class=\"wp-block-image size-full\"><a href=\"https:\/\/www.apti.cz\/index.php\/produkt\/soubor-otazek-pro-test-zz-ob\/\"><img loading=\"lazy\" decoding=\"async\" width=\"184\" height=\"250\" src=\"http:\/\/www.apti.cz\/wp-content\/uploads\/2024\/11\/APTI_UT_ZZ_24_OB_ico.png\" alt=\"\" class=\"wp-image-2253\"\/><\/a><\/figure>\n\n\n\n<p><strong><strong><a href=\"http:\/\/Soubor ot\u00e1zek pro test ZZ R OB Obecn\u00fd test\">Soubor ot\u00e1zek pro test ZZ R OB\u00a0Obecn\u00fd test<\/a><\/strong><\/strong><br>Soubor celkem ot\u00e1zek obecn\u00e9ho testu pro revizn\u00ed techniky a mont\u00e1\u017en\u00ed pracovn\u00edky<br>elektronick\u00e1 publikace ve form\u00e1tu PDF<br>Cena: 500 K\u010d (sleva pro dr\u017eitele APTICARD 10 %)<\/p>\n\n\n\n<figure class=\"wp-block-image size-full\"><img loading=\"lazy\" decoding=\"async\" width=\"184\" height=\"250\" src=\"http:\/\/www.apti.cz\/wp-content\/uploads\/2024\/11\/APTI_UT_ZZ_24_A1_400_ico.png\" alt=\"\" class=\"wp-image-2281\"\/><\/figure>\n\n\n\n<p><strong><a href=\"https:\/\/www.apti.cz\/index.php\/produkt\/soubor-otazek-pro-test-zz-ob-kopirovat\/\">Soubor ot\u00e1zek pro test ZZ a1 Zdvihadla<\/a><\/strong><br>Soubor celkem ot\u00e1zek obecn\u00e9ho testu pro revizn\u00ed techniky a mont\u00e1\u017en\u00ed pracovn\u00edky<br>elektronick\u00e1 publikace ve form\u00e1tu PDF<br>Cena: 500 K\u010d (sleva pro dr\u017eitele APTICARD 10 %)<\/p>\n\n\n\n<figure class=\"wp-block-image size-full\"><a href=\"https:\/\/www.apti.cz\/index.php\/produkt\/soubor-otazek-pro-test-zz-a2-jeraby-mostove-podvesne-mostove-ovladane-ze-zeme-a-portalove\/\"><img loading=\"lazy\" decoding=\"async\" width=\"184\" height=\"250\" src=\"http:\/\/www.apti.cz\/wp-content\/uploads\/2024\/11\/APTI_UT_ZZ_24_A2_ico.png\" alt=\"\" class=\"wp-image-2285\"\/><\/a><\/figure>\n\n\n\n<p><strong><a href=\"https:\/\/www.apti.cz\/index.php\/produkt\/soubor-otazek-pro-test-zz-a2-jeraby-mostove-podvesne-mostove-ovladane-ze-zeme-a-portalove\/\">Soubor ot\u00e1zek pro test ZZ a2 Je\u0159\u00e1by mostov\u00e9, podv\u011bsn\u00e9 mostov\u00e9 ovl\u00e1dan\u00e9 ze zem\u011b a port\u00e1lov\u00e9<\/a><\/strong><br>Soubor celkem ot\u00e1zek obecn\u00e9ho testu pro revizn\u00ed techniky a mont\u00e1\u017en\u00ed pracovn\u00edky<br>elektronick\u00e1 publikace ve form\u00e1tu PDF<br>Cena: 500 K\u010d (sleva pro dr\u017eitele APTICARD 10 %)<\/p>\n\n\n\n<hr class=\"wp-block-separator has-alpha-channel-opacity\"\/>\n\n\n\n<p><strong>V\u0161echny materi\u00e1ly pro p\u0159\u00edpravu ke zkou\u0161k\u00e1m jsou k dispozici na e-shopu apti.cz<\/strong><\/p>\n\n\n\n<div class=\"wp-block-buttons is-content-justification-center is-layout-flex wp-container-core-buttons-is-layout-16018d1d wp-block-buttons-is-layout-flex\">\n<div class=\"wp-block-button is-style-outline is-style-outline--1\"><a class=\"wp-block-button__link has-luminous-vivid-orange-color has-text-color has-link-color wp-element-button\" href=\"https:\/\/www.apti.cz\/index.php\/obchod\/\">e-shop apti.cz<\/a><\/div>\n<\/div>\n","protected":false},"excerpt":{"rendered":"<p>V souvislosti s \u00fa\u010dinnost\u00ed z\u00e1kona 250\/2021 Sb. do\u0161lo tak\u00e9 k v\u00fdznamn\u00fdm zm\u011bn\u00e1m v oblasti prov\u011b\u0159ov\u00e1n\u00ed odborn\u00e9 zp\u016fsobilosti k v\u00fdkonu \u010dinnost\u00ed na vyhrazen\u00fdch technick\u00fdch za\u0159\u00edzen\u00edch. Krom\u011b jin\u00e9ho se tak\u00e9 zm\u011bnil zp\u016fsob&#8230;<\/p>\n","protected":false},"author":1,"featured_media":0,"parent":157,"menu_order":0,"comment_status":"closed","ping_status":"closed","template":"","meta":{"footnotes":""},"class_list":["post-1356","page","type-page","status-publish","hentry"],"jetpack_sharing_enabled":true,"_links":{"self":[{"href":"https:\/\/www.apti.cz\/index.php\/wp-json\/wp\/v2\/pages\/1356","targetHints":{"allow":["GET"]}}],"collection":[{"href":"https:\/\/www.apti.cz\/index.php\/wp-json\/wp\/v2\/pages"}],"about":[{"href":"https:\/\/www.apti.cz\/index.php\/wp-json\/wp\/v2\/types\/page"}],"author":[{"embeddable":true,"href":"https:\/\/www.apti.cz\/index.php\/wp-json\/wp\/v2\/users\/1"}],"replies":[{"embeddable":true,"href":"https:\/\/www.apti.cz\/index.php\/wp-json\/wp\/v2\/comments?post=1356"}],"version-history":[{"count":19,"href":"https:\/\/www.apti.cz\/index.php\/wp-json\/wp\/v2\/pages\/1356\/revisions"}],"predecessor-version":[{"id":2780,"href":"https:\/\/www.apti.cz\/index.php\/wp-json\/wp\/v2\/pages\/1356\/revisions\/2780"}],"up":[{"embeddable":true,"href":"https:\/\/www.apti.cz\/index.php\/wp-json\/wp\/v2\/pages\/157"}],"wp:attachment":[{"href":"https:\/\/www.apti.cz\/index.php\/wp-json\/wp\/v2\/media?parent=1356"}],"curies":[{"name":"wp","href":"https:\/\/api.w.org\/{rel}","templated":true}]}}